{"id":795,"date":"2021-08-08T13:23:57","date_gmt":"2021-08-08T10:23:57","guid":{"rendered":"http:\/\/iptvkur1.com\/iptv-satin-al-13\/?page_id=795"},"modified":"2024-01-07T22:18:25","modified_gmt":"2024-01-07T19:18:25","slug":"iptv-kurulum-sihirbazi","status":"publish","type":"page","link":"https:\/\/iptvkur1.com\/iptv-satin-al-14\/iptv-kurulum-sihirbazi\/","title":{"rendered":"IPTV Kurulum Sihirbaz\u0131"},"content":{"rendered":"<p>[vc_row css=&#8221;.vc_custom_1628421296558{margin-top: 200px !important;}&#8221;][vc_column css=&#8221;.vc_custom_1628419377393{padding-bottom: 30px !important;}&#8221;]<div class=\"section-header text-center \"><h4 class=\"section-title\" data-text=\"\">Hangi Cihazda \u0130zleyeceksin?<\/h4><p><\/p><\/div>[\/vc_column][vc_column width=&#8221;1\/3&#8243; el_class=&#8221;center&#8221;][vc_icon icon_fontawesome=&#8221;fas fa-mobile-alt&#8221; color=&#8221;white&#8221; background_style=&#8221;rounded&#8221; background_color=&#8221;blue&#8221; size=&#8221;lg&#8221; align=&#8221;center&#8221;][vc_btn title=&#8221;Telefondan \u0130zleyece\u011fim&#8221; color=&#8221;blue&#8221; size=&#8221;lg&#8221; align=&#8221;center&#8221; button_block=&#8221;true&#8221; link=&#8221;url:%23smart-phone&#8221;][\/vc_column][vc_column width=&#8221;1\/3&#8243;][vc_icon icon_fontawesome=&#8221;fas fa-tv&#8221; color=&#8221;white&#8221; background_style=&#8221;rounded&#8221; background_color=&#8221;orange&#8221; size=&#8221;lg&#8221; align=&#8221;center&#8221;][vc_btn title=&#8221;Televizyondan \u0130zleyece\u011fim&#8221; color=&#8221;orange&#8221; size=&#8221;lg&#8221; align=&#8221;center&#8221; button_block=&#8221;true&#8221; link=&#8221;url:%23for-tv&#8221;][\/vc_column][vc_column width=&#8221;1\/3&#8243;][vc_icon icon_fontawesome=&#8221;fas fa-laptop&#8221; color=&#8221;white&#8221; background_style=&#8221;rounded&#8221; background_color=&#8221;green&#8221; size=&#8221;lg&#8221; align=&#8221;center&#8221;][vc_btn title=&#8221;Bilgisayardan \u0130zleyece\u011fim&#8221; color=&#8221;green&#8221; size=&#8221;lg&#8221; align=&#8221;center&#8221; button_block=&#8221;true&#8221; link=&#8221;url:%23for-pc&#8221;][\/vc_column][vc_column css=&#8221;.vc_custom_1628421422707{margin-top: 150px !important;margin-bottom: 100px !important;}&#8221;][vc_separator][\/vc_column][\/vc_row][vc_row el_id=&#8221;smart-phone&#8221;][vc_column]<div class=\"section-header text-center \"><h4 class=\"section-title\" data-text=\"\">Telefonun Android mi? iOS mi?<\/h4><p><\/p><\/div>[\/vc_column][vc_column width=&#8221;1\/2&#8243; el_class=&#8221;center&#8221;][vc_icon icon_fontawesome=&#8221;fab fa-android&#8221; color=&#8221;white&#8221; background_style=&#8221;rounded&#8221; background_color=&#8221;blue&#8221; size=&#8221;lg&#8221; align=&#8221;center&#8221;][vc_btn title=&#8221;Android&#8221; color=&#8221;blue&#8221; size=&#8221;lg&#8221; align=&#8221;center&#8221; button_block=&#8221;true&#8221; link=&#8221;url:%231628419505399-ddbcc9ef-5f1c&#8221;][\/vc_column][vc_column width=&#8221;1\/2&#8243;][vc_icon icon_fontawesome=&#8221;fab fa-apple&#8221; color=&#8221;white&#8221; background_style=&#8221;rounded&#8221; background_color=&#8221;orange&#8221; size=&#8221;lg&#8221; align=&#8221;center&#8221;][vc_btn title=&#8221;iOS (iPhone &#8211; iPad)&#8221; color=&#8221;orange&#8221; size=&#8221;lg&#8221; align=&#8221;center&#8221; button_block=&#8221;true&#8221; link=&#8221;url:%231628419505416-9d9c3357-8014&#8243;][\/vc_column][vc_column css=&#8221;.vc_custom_1628421387082{margin-top: 100px !important;}&#8221;][vc_tta_tabs style=&#8221;modern&#8221; color=&#8221;sky&#8221; active_section=&#8221;1&#8243;][vc_tta_section i_icon_fontawesome=&#8221;fab fa-android&#8221; add_icon=&#8221;true&#8221; title=&#8221;Android&#8221; tab_id=&#8221;1628419505399-ddbcc9ef-5f1c&#8221;][vc_btn title=&#8221;1- IPTV Smarters Resimli Anlat\u0131m&#8221; color=&#8221;blue&#8221; size=&#8221;lg&#8221; align=&#8221;center&#8221; button_block=&#8221;true&#8221; link=&#8221;url:http%3A%2F%2Fiptvkur1.com%2Fiptv-satin-al-13%2Fiptv-smarters-kurulum%2F|title:IPTV%20Smarters%20kurulum%20TV%20i%C3%A7in%20(Resimli%20Anlat%C4%B1m)|target:_blank&#8221;][vc_btn title=&#8221;2- GSE IPTV Resimli Anlat\u0131m&#8221; color=&#8221;blue&#8221; size=&#8221;lg&#8221; align=&#8221;center&#8221; button_block=&#8221;true&#8221; link=&#8221;url:http%3A%2F%2Fiptvkur1.com%2Fiptv-satin-al-13%2Fhuawei-telefonda-iptv-izleme%2F|title:GSE%20IPTV%20Resimli%20Anlat%C4%B1m|target:_blank&#8221;][\/vc_tta_section][vc_tta_section i_icon_fontawesome=&#8221;fab fa-apple&#8221; add_icon=&#8221;true&#8221; title=&#8221;iOS&#8221; tab_id=&#8221;1628419505416-9d9c3357-8014&#8243;][vc_btn title=&#8221;1- XTREAM IPTV Resimli Anlat\u0131m&#8221; color=&#8221;blue&#8221; size=&#8221;lg&#8221; align=&#8221;center&#8221; button_block=&#8221;true&#8221; link=&#8221;url:http%3A%2F%2Fiptvkur1.com%2Fiptv-satin-al-13%2Fios-xtream-iptv-izleme%2F|title:XTREAM%20IPTV|target:_blank&#8221;][vc_btn title=&#8221;2- GSE IPTV Resimli Anlat\u0131m&#8221; color=&#8221;blue&#8221; size=&#8221;lg&#8221; align=&#8221;center&#8221; button_block=&#8221;true&#8221; link=&#8221;url:http%3A%2F%2Fiptvkur1.com%2Fiptv-satin-al-13%2Fios-iphone-iptv%2F|title:XTREAM%20IPTV|target:_blank&#8221;][\/vc_tta_section][\/vc_tta_tabs][\/vc_column][vc_column css=&#8221;.vc_custom_1628421509818{margin-top: 150px !important;margin-bottom: 100px !important;}&#8221;][vc_separator][\/vc_column][\/vc_row][vc_row el_id=&#8221;for-tv&#8221;][vc_column]<div class=\"section-header text-center \"><h4 class=\"section-title\" data-text=\"\">Televizyonunun T\u00fcr\u00fcn\u00fc Se\u00e7<\/h4><p><\/p><\/div>[\/vc_column][vc_column width=&#8221;1\/3&#8243; el_class=&#8221;center&#8221;][vc_icon icon_fontawesome=&#8221;fab fa-android&#8221; color=&#8221;white&#8221; background_style=&#8221;rounded&#8221; background_color=&#8221;blue&#8221; size=&#8221;lg&#8221; align=&#8221;center&#8221;][vc_btn title=&#8221;Android&#8221; color=&#8221;blue&#8221; size=&#8221;lg&#8221; align=&#8221;center&#8221; button_block=&#8221;true&#8221; link=&#8221;url:%231628420920840-5042181b-837b&#8221;][\/vc_column][vc_column width=&#8221;1\/3&#8243;][vc_icon icon_fontawesome=&#8221;fas fa-network-wired&#8221; color=&#8221;white&#8221; background_style=&#8221;rounded&#8221; background_color=&#8221;orange&#8221; size=&#8221;lg&#8221; align=&#8221;center&#8221;][vc_btn title=&#8221;Smart TV&#8221; color=&#8221;orange&#8221; size=&#8221;lg&#8221; align=&#8221;center&#8221; button_block=&#8221;true&#8221; link=&#8221;url:%231628420920876-bd630111-9ef2&#8243;][\/vc_column][vc_column width=&#8221;1\/3&#8243;][vc_icon icon_fontawesome=&#8221;fas fa-hdd&#8221; color=&#8221;white&#8221; background_style=&#8221;rounded&#8221; background_color=&#8221;violet&#8221; size=&#8221;lg&#8221; align=&#8221;center&#8221;][vc_btn title=&#8221;Sadece HDMI Giri\u015fi Var&#8221; color=&#8221;violet&#8221; size=&#8221;lg&#8221; align=&#8221;center&#8221; button_block=&#8221;true&#8221; link=&#8221;url:%231628421574642-84aa5d2a-cb51&#8243;][\/vc_column][vc_column css=&#8221;.vc_custom_1628421479859{margin-top: 100px !important;}&#8221;][vc_tta_tabs style=&#8221;modern&#8221; color=&#8221;sky&#8221; active_section=&#8221;1&#8243;][vc_tta_section i_icon_fontawesome=&#8221;fab fa-android&#8221; add_icon=&#8221;true&#8221; title=&#8221;Android&#8221; tab_id=&#8221;1628420920840-5042181b-837b&#8221;][vc_btn title=&#8221;1- IPTV Smarters TV \u0130\u00e7in Resimli Anlat\u0131m&#8221; color=&#8221;blue&#8221; size=&#8221;lg&#8221; align=&#8221;center&#8221; button_block=&#8221;true&#8221; link=&#8221;url:http%3A%2F%2Fiptvkur1.com%2Fiptv-satin-al-13%2Fiptv-smarters-kurulum%2F|title:IPTV%20Smarters%20kurulum%20TV%20i%C3%A7in%20(Resimli%20Anlat%C4%B1m)|target:_blank&#8221;][vc_btn title=&#8221;2- DublexPlay (Tavsiye Ediyoruz &#8211; \u00dccretli)&#8221; color=&#8221;blue&#8221; size=&#8221;lg&#8221; align=&#8221;center&#8221; button_block=&#8221;true&#8221; link=&#8221;url:http%3A%2F%2Fiptvkur1.com%2Fiptv-satin-al-13%2Fduplex-iptv-kurulum-resimli-anlatim%2F|title:Dublex%20Play%20(Tavsiye%20Ediyoruz%20-%20%C3%9Ccretli)%20|target:_blank&#8221;][\/vc_tta_section][vc_tta_section i_icon_fontawesome=&#8221;fab fa-apple&#8221; add_icon=&#8221;true&#8221; title=&#8221;Smart TV&#8221; tab_id=&#8221;1628420920876-bd630111-9ef2&#8243;][vc_btn title=&#8221;1- DublexPlay(Tavsiye Ediyoruz &#8211; \u00dccretli)&#8221; color=&#8221;blue&#8221; size=&#8221;lg&#8221; align=&#8221;center&#8221; button_block=&#8221;true&#8221; link=&#8221;url:http%3A%2F%2Fiptvkur1.com%2Fiptv-satin-al-13%2Fduplex-iptv-kurulum-resimli-anlatim%2F|title:Duplexplay%20Kanal%20Listesi%20m3u%20Nas%C4%B1l%20Y%C3%BCklenir%3F%20(RES%C4%B0ML%C4%B0%20ANLATIM)|target:_blank&#8221;][vc_btn title=&#8221;2- Smarters IPTV Resimli Anlat\u0131m&#8221; color=&#8221;blue&#8221; size=&#8221;lg&#8221; align=&#8221;center&#8221; button_block=&#8221;true&#8221; link=&#8221;url:http%3A%2F%2Fiptvkur1.com%2Fiptv-satin-al-13%2Fiptv-smarters-kurulum%2F|title:IPTV%20Smarters%20kurulum%20TV%20i%C3%A7in%20(Resimli%20Anlat%C4%B1m)|target:_blank&#8221;][\/vc_tta_section][vc_tta_section i_icon_fontawesome=&#8221;fab fa-apple&#8221; add_icon=&#8221;true&#8221; title=&#8221;HDMI Giri\u015fi Var&#8221; tab_id=&#8221;1628421574642-84aa5d2a-cb51&#8243;][vc_column_text]HDMI Giri\u015fi olan televizyonlar\u0131n\u0131zdan iptv cihaz\u0131 alarak iptv izleyebilirsiniz.<\/p>\n<p>Cihaz almak i\u00e7in a\u015fa\u011f\u0131daki butona t\u0131klayarak whatsaapp&#8217;dan bize yazabilirsiniz.<\/p>\n<div id=\"gtx-trans\" style=\"position: absolute; left: 133px; top: 86px;\">\n<div class=\"gtx-trans-icon\"><\/div>\n<\/div>\n<p>[\/vc_column_text][vc_btn title=&#8221;Cihaz i\u00e7in ileti\u015fime ge\u00e7&#8221; color=&#8221;blue&#8221; size=&#8221;lg&#8221; align=&#8221;center&#8221; button_block=&#8221;true&#8221; link=&#8221;url:https%3A%2F%2Fwa.me%2F491789242829%3Ftext%3DMerhabalar%2Ccihaz%2520almak%2520istiyorum.|title:XTREAM%20IPTV|target:_blank&#8221;][\/vc_tta_section][\/vc_tta_tabs][vc_separator css=&#8221;.vc_custom_1628422556725{margin-top: 100px !important;margin-bottom: 100px !important;}&#8221;][\/vc_column][\/vc_row][vc_row el_id=&#8221;for-pc&#8221;][vc_column]<div class=\"section-header text-center \"><h4 class=\"section-title\" data-text=\"\">Bilgisayar\u0131n Windows mu? MAC(apple) mi?<\/h4><p><\/p><\/div>[\/vc_column][vc_column width=&#8221;1\/2&#8243; el_class=&#8221;center&#8221;][vc_icon icon_fontawesome=&#8221;fab fa-windows&#8221; color=&#8221;white&#8221; background_style=&#8221;rounded&#8221; background_color=&#8221;blue&#8221; size=&#8221;lg&#8221; align=&#8221;center&#8221;][vc_btn title=&#8221;Windows&#8221; color=&#8221;blue&#8221; size=&#8221;lg&#8221; align=&#8221;center&#8221; button_block=&#8221;true&#8221; link=&#8221;url:%231628422271396-ab23e8c4-bde9&#8243;][\/vc_column][vc_column width=&#8221;1\/2&#8243;][vc_icon icon_fontawesome=&#8221;fab fa-apple&#8221; color=&#8221;white&#8221; background_style=&#8221;rounded&#8221; background_color=&#8221;orange&#8221; size=&#8221;lg&#8221; align=&#8221;center&#8221;][vc_btn title=&#8221;MAC(APPLE)&#8221; color=&#8221;orange&#8221; size=&#8221;lg&#8221; align=&#8221;center&#8221; button_block=&#8221;true&#8221; link=&#8221;url:%231628422271552-1915e88a-5f32&#8243;][\/vc_column][vc_column][vc_tta_tabs style=&#8221;modern&#8221; color=&#8221;sky&#8221; active_section=&#8221;1&#8243;][vc_tta_section i_icon_fontawesome=&#8221;fab fa-android&#8221; add_icon=&#8221;true&#8221; title=&#8221;Windows&#8221; tab_id=&#8221;1628422271396-ab23e8c4-bde9&#8243;][vc_btn title=&#8221;1- Turkey IPTV Player Uygulamas\u0131(Sadece Windows 10 i\u00e7in)&#8221; color=&#8221;blue&#8221; size=&#8221;lg&#8221; align=&#8221;center&#8221; button_block=&#8221;true&#8221; link=&#8221;url:https%3A%2F%2Fdrive.google.com%2Ffile%2Fd%2F16XrVELTw4ISfMtm7Li5a4S_niymRvWH9%2Fviewhttps%3A%2F%2Fdrive.google.com%2Ffile%2Fd%2F16XrVELTw4ISfMtm7Li5a4S_niymRvWH9%2Fview|title:Turkey|target:_blank&#8221;][\/vc_tta_section][vc_tta_section i_icon_fontawesome=&#8221;fab fa-apple&#8221; add_icon=&#8221;true&#8221; title=&#8221;MAC (Apple)&#8221; tab_id=&#8221;1628422271552-1915e88a-5f32&#8243;][vc_column_text]MAC App Store&#8217;dan MEGA IPTV uygulamas\u0131n\u0131 indirebilirsiniz.<\/p>\n<div id=\"gtx-trans\" style=\"position: absolute; left: 135px; top: -10px;\">\n<div class=\"gtx-trans-icon\"><\/div>\n<\/div>\n<p>[\/vc_column_text][\/vc_tta_section][\/vc_tta_tabs][\/vc_column][\/vc_row]<\/p>\n","protected":false},"excerpt":{"rendered":"<p>[vc_row css=&#8221;.vc_custom_1628421296558{margin-top: 200px !important;}&#8221;][vc_column css=&#8221;.vc_custom_1628419377393{padding-bottom: 30px !important;}&#8221;][\/vc_column][vc_column width=&#8221;1\/3&#8243; el_class=&#8221;center&#8221;][vc_icon icon_fontawesome=&#8221;fas fa-mobile-alt&#8221; color=&#8221;white&#8221; background_style=&#8221;rounded&#8221; background_color=&#8221;blue&#8221; size=&#8221;lg&#8221; align=&#8221;center&#8221;][vc_btn title=&#8221;Telefondan \u0130zleyece\u011fim&#8221; color=&#8221;blue&#8221; size=&#8221;lg&#8221; align=&#8221;center&#8221; button_block=&#8221;true&#8221; link=&#8221;url:%23smart-phone&#8221;][\/vc_column][vc_column width=&#8221;1\/3&#8243;][vc_icon icon_fontawesome=&#8221;fas fa-tv&#8221; color=&#8221;white&#8221; background_style=&#8221;rounded&#8221; background_color=&#8221;orange&#8221; size=&#8221;lg&#8221; align=&#8221;center&#8221;][vc_btn title=&#8221;Televizyondan \u0130zleyece\u011fim&#8221; color=&#8221;orange&#8221; size=&#8221;lg&#8221; align=&#8221;center&#8221; button_block=&#8221;true&#8221; link=&#8221;url:%23for-tv&#8221;][\/vc_column][vc_column width=&#8221;1\/3&#8243;][vc_icon icon_fontawesome=&#8221;fas fa-laptop&#8221; color=&#8221;white&#8221; background_style=&#8221;rounded&#8221; background_color=&#8221;green&#8221; size=&#8221;lg&#8221; align=&#8221;center&#8221;][vc_btn title=&#8221;Bilgisayardan \u0130zleyece\u011fim&#8221; color=&#8221;green&#8221; size=&#8221;lg&#8221; align=&#8221;center&#8221; button_block=&#8221;true&#8221; link=&#8221;url:%23for-pc&#8221;][\/vc_column][vc_column css=&#8221;.vc_custom_1628421422707{margin-top: 150px<\/p>\n<div class=\"text-left klb-read-more\"><a class=\"btn btn-danger\" href=\"https:\/\/iptvkur1.com\/iptv-satin-al-14\/iptv-kurulum-sihirbazi\/\" >DEVAMINI OKU<\/a><\/div>\n","protected":false},"author":1,"featured_media":0,"parent":0,"menu_order":0,"comment_status":"closed","ping_status":"closed","template":"","meta":{"footnotes":""},"yoast_head":"<!-- This site is optimized with the Yoast SEO plugin v21.7 - https:\/\/yoast.com\/wordpress\/plugins\/seo\/ -->\n<title>IPTV Kurulum Sihirbaz\u0131 - IPTV SATIN AL<\/title>\n<meta name=\"robots\" content=\"index, follow, max-snippet:-1, max-image-preview:large, max-video-preview:-1\" \/>\n<link rel=\"canonical\" href=\"https:\/\/iptvkur1.com\/iptv-satin-al-14\/iptv-kurulum-sihirbazi\/\" \/>\n<meta property=\"og:locale\" content=\"tr_TR\" \/>\n<meta property=\"og:type\" content=\"article\" \/>\n<meta property=\"og:title\" content=\"IPTV Kurulum Sihirbaz\u0131 - IPTV SATIN AL\" \/>\n<meta property=\"og:description\" content=\"[vc_row css=&#8221;.vc_custom_1628421296558{margin-top: 200px !important;}&#8221;][vc_column css=&#8221;.vc_custom_1628419377393{padding-bottom: 30px !important;}&#8221;][\/vc_column][vc_column width=&#8221;1\/3&#8243; el_class=&#8221;center&#8221;][vc_icon icon_fontawesome=&#8221;fas fa-mobile-alt&#8221; color=&#8221;white&#8221; background_style=&#8221;rounded&#8221; background_color=&#8221;blue&#8221; size=&#8221;lg&#8221; align=&#8221;center&#8221;][vc_btn title=&#8221;Telefondan \u0130zleyece\u011fim&#8221; color=&#8221;blue&#8221; size=&#8221;lg&#8221; align=&#8221;center&#8221; button_block=&#8221;true&#8221; link=&#8221;url:%23smart-phone&#8221;][\/vc_column][vc_column width=&#8221;1\/3&#8243;][vc_icon icon_fontawesome=&#8221;fas fa-tv&#8221; color=&#8221;white&#8221; background_style=&#8221;rounded&#8221; background_color=&#8221;orange&#8221; size=&#8221;lg&#8221; align=&#8221;center&#8221;][vc_btn title=&#8221;Televizyondan \u0130zleyece\u011fim&#8221; color=&#8221;orange&#8221; size=&#8221;lg&#8221; align=&#8221;center&#8221; button_block=&#8221;true&#8221; link=&#8221;url:%23for-tv&#8221;][\/vc_column][vc_column width=&#8221;1\/3&#8243;][vc_icon icon_fontawesome=&#8221;fas fa-laptop&#8221; color=&#8221;white&#8221; background_style=&#8221;rounded&#8221; background_color=&#8221;green&#8221; size=&#8221;lg&#8221; align=&#8221;center&#8221;][vc_btn title=&#8221;Bilgisayardan \u0130zleyece\u011fim&#8221; color=&#8221;green&#8221; size=&#8221;lg&#8221; align=&#8221;center&#8221; button_block=&#8221;true&#8221; link=&#8221;url:%23for-pc&#8221;][\/vc_column][vc_column css=&#8221;.vc_custom_1628421422707{margin-top: 150pxDEVAMINI OKU\" \/>\n<meta property=\"og:url\" content=\"https:\/\/iptvkur1.com\/iptv-satin-al-14\/iptv-kurulum-sihirbazi\/\" \/>\n<meta property=\"og:site_name\" content=\"IPTV SATIN AL\" \/>\n<meta property=\"article:modified_time\" content=\"2024-01-07T19:18:25+00:00\" \/>\n<meta name=\"twitter:card\" content=\"summary_large_image\" \/>\n<meta name=\"twitter:site\" content=\"@iptvkur\" \/>\n<meta name=\"twitter:label1\" content=\"Tahmini okuma s\u00fcresi\" \/>\n\t<meta name=\"twitter:data1\" content=\"3 dakika\" \/>\n<script type=\"application\/ld+json\" class=\"yoast-schema-graph\">{\"@context\":\"https:\/\/schema.org\",\"@graph\":[{\"@type\":\"WebPage\",\"@id\":\"https:\/\/iptvkur1.com\/iptv-satin-al-14\/iptv-kurulum-sihirbazi\/\",\"url\":\"https:\/\/iptvkur1.com\/iptv-satin-al-14\/iptv-kurulum-sihirbazi\/\",\"name\":\"IPTV Kurulum Sihirbaz\u0131 - IPTV SATIN AL\",\"isPartOf\":{\"@id\":\"https:\/\/iptvkur1.com\/iptv-satin-al-14\/#website\"},\"datePublished\":\"2021-08-08T10:23:57+00:00\",\"dateModified\":\"2024-01-07T19:18:25+00:00\",\"breadcrumb\":{\"@id\":\"https:\/\/iptvkur1.com\/iptv-satin-al-14\/iptv-kurulum-sihirbazi\/#breadcrumb\"},\"inLanguage\":\"tr\",\"potentialAction\":[{\"@type\":\"ReadAction\",\"target\":[\"https:\/\/iptvkur1.com\/iptv-satin-al-14\/iptv-kurulum-sihirbazi\/\"]}]},{\"@type\":\"BreadcrumbList\",\"@id\":\"https:\/\/iptvkur1.com\/iptv-satin-al-14\/iptv-kurulum-sihirbazi\/#breadcrumb\",\"itemListElement\":[{\"@type\":\"ListItem\",\"position\":1,\"name\":\"Ana sayfa\",\"item\":\"https:\/\/iptvkur1.com\/iptv-satin-al-14\/\"},{\"@type\":\"ListItem\",\"position\":2,\"name\":\"IPTV Kurulum Sihirbaz\u0131\"}]},{\"@type\":\"WebSite\",\"@id\":\"https:\/\/iptvkur1.com\/iptv-satin-al-14\/#website\",\"url\":\"https:\/\/iptvkur1.com\/iptv-satin-al-14\/\",\"name\":\"iptv sat\u0131n al\",\"description\":\"3 G\u00fcn \u00dccretsiz Test Yay\u0131n\u0131\",\"publisher\":{\"@id\":\"https:\/\/iptvkur1.com\/iptv-satin-al-14\/#organization\"},\"potentialAction\":[{\"@type\":\"SearchAction\",\"target\":{\"@type\":\"EntryPoint\",\"urlTemplate\":\"https:\/\/iptvkur1.com\/iptv-satin-al-14\/?s={search_term_string}\"},\"query-input\":\"required name=search_term_string\"}],\"inLanguage\":\"tr\"},{\"@type\":\"Organization\",\"@id\":\"https:\/\/iptvkur1.com\/iptv-satin-al-14\/#organization\",\"name\":\"iptv sat\u0131n al\",\"url\":\"https:\/\/iptvkur1.com\/iptv-satin-al-14\/\",\"logo\":{\"@type\":\"ImageObject\",\"inLanguage\":\"tr\",\"@id\":\"https:\/\/iptvkur1.com\/iptv-satin-al-14\/#\/schema\/logo\/image\/\",\"url\":\"http:\/\/iptvkur1.com\/wp-content\/uploads\/2020\/09\/logo-pink-55.png\",\"contentUrl\":\"http:\/\/iptvkur1.com\/wp-content\/uploads\/2020\/09\/logo-pink-55.png\",\"width\":110,\"height\":55,\"caption\":\"iptv sat\u0131n al\"},\"image\":{\"@id\":\"https:\/\/iptvkur1.com\/iptv-satin-al-14\/#\/schema\/logo\/image\/\"},\"sameAs\":[\"https:\/\/twitter.com\/iptvkur\",\"https:\/\/instagram.com\/iptv.kur\"]}]}<\/script>\n<!-- \/ Yoast SEO plugin. -->","yoast_head_json":{"title":"IPTV Kurulum Sihirbaz\u0131 - IPTV SATIN AL","robots":{"index":"index","follow":"follow","max-snippet":"max-snippet:-1","max-image-preview":"max-image-preview:large","max-video-preview":"max-video-preview:-1"},"canonical":"https:\/\/iptvkur1.com\/iptv-satin-al-14\/iptv-kurulum-sihirbazi\/","og_locale":"tr_TR","og_type":"article","og_title":"IPTV Kurulum Sihirbaz\u0131 - IPTV SATIN AL","og_description":"[vc_row css=&#8221;.vc_custom_1628421296558{margin-top: 200px !important;}&#8221;][vc_column css=&#8221;.vc_custom_1628419377393{padding-bottom: 30px !important;}&#8221;][\/vc_column][vc_column width=&#8221;1\/3&#8243; el_class=&#8221;center&#8221;][vc_icon icon_fontawesome=&#8221;fas fa-mobile-alt&#8221; color=&#8221;white&#8221; background_style=&#8221;rounded&#8221; background_color=&#8221;blue&#8221; size=&#8221;lg&#8221; align=&#8221;center&#8221;][vc_btn title=&#8221;Telefondan \u0130zleyece\u011fim&#8221; color=&#8221;blue&#8221; size=&#8221;lg&#8221; align=&#8221;center&#8221; button_block=&#8221;true&#8221; link=&#8221;url:%23smart-phone&#8221;][\/vc_column][vc_column width=&#8221;1\/3&#8243;][vc_icon icon_fontawesome=&#8221;fas fa-tv&#8221; color=&#8221;white&#8221; background_style=&#8221;rounded&#8221; background_color=&#8221;orange&#8221; size=&#8221;lg&#8221; align=&#8221;center&#8221;][vc_btn title=&#8221;Televizyondan \u0130zleyece\u011fim&#8221; color=&#8221;orange&#8221; size=&#8221;lg&#8221; align=&#8221;center&#8221; button_block=&#8221;true&#8221; link=&#8221;url:%23for-tv&#8221;][\/vc_column][vc_column width=&#8221;1\/3&#8243;][vc_icon icon_fontawesome=&#8221;fas fa-laptop&#8221; color=&#8221;white&#8221; background_style=&#8221;rounded&#8221; background_color=&#8221;green&#8221; size=&#8221;lg&#8221; align=&#8221;center&#8221;][vc_btn title=&#8221;Bilgisayardan \u0130zleyece\u011fim&#8221; color=&#8221;green&#8221; size=&#8221;lg&#8221; align=&#8221;center&#8221; button_block=&#8221;true&#8221; link=&#8221;url:%23for-pc&#8221;][\/vc_column][vc_column css=&#8221;.vc_custom_1628421422707{margin-top: 150pxDEVAMINI OKU","og_url":"https:\/\/iptvkur1.com\/iptv-satin-al-14\/iptv-kurulum-sihirbazi\/","og_site_name":"IPTV SATIN AL","article_modified_time":"2024-01-07T19:18:25+00:00","twitter_card":"summary_large_image","twitter_site":"@iptvkur","twitter_misc":{"Tahmini okuma s\u00fcresi":"3 dakika"},"schema":{"@context":"https:\/\/schema.org","@graph":[{"@type":"WebPage","@id":"https:\/\/iptvkur1.com\/iptv-satin-al-14\/iptv-kurulum-sihirbazi\/","url":"https:\/\/iptvkur1.com\/iptv-satin-al-14\/iptv-kurulum-sihirbazi\/","name":"IPTV Kurulum Sihirbaz\u0131 - IPTV SATIN AL","isPartOf":{"@id":"https:\/\/iptvkur1.com\/iptv-satin-al-14\/#website"},"datePublished":"2021-08-08T10:23:57+00:00","dateModified":"2024-01-07T19:18:25+00:00","breadcrumb":{"@id":"https:\/\/iptvkur1.com\/iptv-satin-al-14\/iptv-kurulum-sihirbazi\/#breadcrumb"},"inLanguage":"tr","potentialAction":[{"@type":"ReadAction","target":["https:\/\/iptvkur1.com\/iptv-satin-al-14\/iptv-kurulum-sihirbazi\/"]}]},{"@type":"BreadcrumbList","@id":"https:\/\/iptvkur1.com\/iptv-satin-al-14\/iptv-kurulum-sihirbazi\/#breadcrumb","itemListElement":[{"@type":"ListItem","position":1,"name":"Ana sayfa","item":"https:\/\/iptvkur1.com\/iptv-satin-al-14\/"},{"@type":"ListItem","position":2,"name":"IPTV Kurulum Sihirbaz\u0131"}]},{"@type":"WebSite","@id":"https:\/\/iptvkur1.com\/iptv-satin-al-14\/#website","url":"https:\/\/iptvkur1.com\/iptv-satin-al-14\/","name":"iptv sat\u0131n al","description":"3 G\u00fcn \u00dccretsiz Test Yay\u0131n\u0131","publisher":{"@id":"https:\/\/iptvkur1.com\/iptv-satin-al-14\/#organization"},"potentialAction":[{"@type":"SearchAction","target":{"@type":"EntryPoint","urlTemplate":"https:\/\/iptvkur1.com\/iptv-satin-al-14\/?s={search_term_string}"},"query-input":"required name=search_term_string"}],"inLanguage":"tr"},{"@type":"Organization","@id":"https:\/\/iptvkur1.com\/iptv-satin-al-14\/#organization","name":"iptv sat\u0131n al","url":"https:\/\/iptvkur1.com\/iptv-satin-al-14\/","logo":{"@type":"ImageObject","inLanguage":"tr","@id":"https:\/\/iptvkur1.com\/iptv-satin-al-14\/#\/schema\/logo\/image\/","url":"http:\/\/iptvkur1.com\/wp-content\/uploads\/2020\/09\/logo-pink-55.png","contentUrl":"http:\/\/iptvkur1.com\/wp-content\/uploads\/2020\/09\/logo-pink-55.png","width":110,"height":55,"caption":"iptv sat\u0131n al"},"image":{"@id":"https:\/\/iptvkur1.com\/iptv-satin-al-14\/#\/schema\/logo\/image\/"},"sameAs":["https:\/\/twitter.com\/iptvkur","https:\/\/instagram.com\/iptv.kur"]}]}},"_links":{"self":[{"href":"https:\/\/iptvkur1.com\/iptv-satin-al-14\/wp-json\/wp\/v2\/pages\/795"}],"collection":[{"href":"https:\/\/iptvkur1.com\/iptv-satin-al-14\/wp-json\/wp\/v2\/pages"}],"about":[{"href":"https:\/\/iptvkur1.com\/iptv-satin-al-14\/wp-json\/wp\/v2\/types\/page"}],"author":[{"embeddable":true,"href":"https:\/\/iptvkur1.com\/iptv-satin-al-14\/wp-json\/wp\/v2\/users\/1"}],"replies":[{"embeddable":true,"href":"https:\/\/iptvkur1.com\/iptv-satin-al-14\/wp-json\/wp\/v2\/comments?post=795"}],"version-history":[{"count":60,"href":"https:\/\/iptvkur1.com\/iptv-satin-al-14\/wp-json\/wp\/v2\/pages\/795\/revisions"}],"predecessor-version":[{"id":1050,"href":"https:\/\/iptvkur1.com\/iptv-satin-al-14\/wp-json\/wp\/v2\/pages\/795\/revisions\/1050"}],"wp:attachment":[{"href":"https:\/\/iptvkur1.com\/iptv-satin-al-14\/wp-json\/wp\/v2\/media?parent=795"}],"curies":[{"name":"wp","href":"https:\/\/api.w.org\/{rel}","templated":true}]}}